
15
What is -2 + -11 + 6 + 13?
6
Calculate (2 + -7 - 0) + 16.
11
Calculate -35 - (30 - 69) - (3 - (0 - -14)).
15
-28 + (49 - -19 - 33)
7
Calculate -13 + -21 + -36 + 38.
-32
Evaluate (-18 + 13 + 8 - 15) + 22.
10
Calculate (5 - 14) + (3 - -11 - 16).
-11
Evaluate (25 - 42) + 40 + (1 - 6).
18
What is the value of -6 + 3 + -1 + 2 + 4?
2
What is the value of -3 - ((8 - 1) + (18 - 29))?
1
What is 5 - (-11 + (37 - 10))?
-11
Evaluate 11 - (10 - (9 + -6)) - (1 - 4).
7
Evaluate -9 + 3 + -16 - -4.
-18
Calculate (8 - ((-6 - -3) + 0)) + (-84 - -85).
12
Evaluate 34 + -29 + (-13 - -11 - (1 + 0)).
2
Calculate 1 - (12 - 14 - -6) - 21.
-24
Evaluate 14 - 32 - -20 - (-4 - 7).
13
(-25 - -6) + 48 - 47
-18
Calculate 16 + -22 + 7 + (-17 - -1).
-15
-5 + (16 - 1 - (4 - (0 + 5)))
11
-6 - (-8 + -9 - ((1 - 1) + 1))
12
Calculate 1 + -2 + -2 + -3 - -9 - -4.
7
What is the value of -6 + -1 - (-85 + 80)?
-2
-21 - (8 + 25 + -53)
-1
Calculate -29 - -22 - -10 - (8 - 0).
-5
What is -17 - (28 + -16 + -26)?
-3
What is 5 - (10 + -15) - (1 + 6)?
3
Calculate -1 + (-19 - -39) + -5.
14
What is the value of -128 - -127 - (-2 + (1 - 4))?
4
1 + -6 + (-15 - -10)
-10
What is 48 - 45 - (-14 + (1 - 0))?
16
11 - (3 - ((-4 - (-1 - 10)) + -36))
-21
Calculate 4 + 11 + -3 + -22 + -15.
-25
What is the value of -17 + 1 - (-11 - (-26 + 12))?
-19
Evaluate 0 + 1 - (-20 + 22).
-1
What is (17 - 31) + (-10 - (-7 + 5))?
-22
What is the value of 1 - (3 + 7 + 5) - -34?
20
What is the value of -12 + 2 + -18 + 14 + -10?
-24
What is the value of 20 - 10 - 9 - (38 + -53)?
16
What is the value of (-8 - -21) + 1 - (15 + -1 + -3)?
3
-1046 + 1011 + (6 + 2 - -1)
-26
(-23 - -19) + -9 - (-3 - -3 - 3)
-10
Evaluate 17 - (11 - (-5 - (-11 + 8))).
4
Calculate (-2 - -17) + 3 - (-493 - -497).
14
Evaluate 7 - (13 + 0 - (26 - 27 - -6)).
-1
What is -4 + 15 + 4 + -1 - 23?
-9
Calculate (-13 - -5 - -14) + (2 - 3).
5
What is the value of -1 + -6 - (-30 - (-2 + -4 + -1))?
16
(27 - 42) + -2 + 5
-12
0 - 6 - (32 - 37)
-1
Calculate (-40 - -8) + (16 + -10 - -6 - 8).
-28
What is the value of 7 + 2 + -11 + 15?
13
Calculate -6 - (157 - 150 - (1 - 3)).
-15
(2 + 4 + -3 - (-5 - -2)) + -7
-1
8 - -4 - (-6 - (13 - 22))
9
What is (-33 - -40) + (-9 - 1) - -13 - 20?
-10
Evaluate 15 + -2 + 4 + -29.
-12
Calculate (-20 - 1) + 1108 + -1067.
20
-37 + (25 - (-31 + 25))
-6
Evaluate 21 + -3 - (10 + (-6 - -5) - 4).
13
What is the value of -636 + 642 - (0 + (-2 - -14))?
-6
What is (17 - (-25 + 20)) + -23?
-1
14 + (12 - 4) + -3 + 2
21
Evaluate -2 + -6 + (19 - 6) + 7.
12
What is the value of -3 - ((4 + -10 - (-2 + 4)) + -5)?
10
What is the value of -4 + (-5 - 2 - (9 - 22)) + -13?
-11
Evaluate 0 + 1 + -53 + -54 + 70.
-36
What is 4 + 26 - (57 - -7)?
-34
(-11 - -15) + -21 + 0 + 9
-8
What is -1 + (1 - 4) - (9 + -12 - -14)?
-15
Evaluate (0 - -8) + (-4 - (3 + (2 - 2))).
1
Evaluate 5 - (-2 - ((-2 + 0 - 8) + 9)).
6
Calculate -420 + 436 + (2 - -1) + -8.
11
What is the value of -15 - (13 + -5 + -31)?
8
(20 - 16) + -10 - (1 + -7)
0
Calculate -26 - (-26 - 52 - -29).
23
(-15 - -45) + -61 + 13
-18
Calculate -10 + 1 - (-55 - -57).
-11
Calculate 11 + 20 + -19 - 15.
-3
What is the value of -3 - 13 - (-6 - 4)?
-6
Calculate (-1205 - -1247) + (1 - 38).
5
3 + 1 - (11 - 2) - -3 - 2
-4
What is the value of -36 + -15 + 26 + 22?
-3
Evaluate -2 + 8 + 5 + -9 + -3 + -1.
-2
-33 + 0 + (-32 - (-34 + -9))
-22
(33 - 17 - 26) + 0
-10
Evaluate (-3 - 44) + -39 + 60.
-26
-60 + 58 + (0 + 4 - (3 - 1))
0
Evaluate -5 + -2 - (4 - 0 - (-2 - 4)).
-17
Evaluate -10604 + 10619 + 1 + 12 + -1 + 0.
27
What is the value of (12 - 20) + (20 - 22)?
-10
Calculate 83 + -79 - (-4 - 0).
8
Calculate -2 - 12 - (88 + -86).
-16
What is the value of 1 - -1 - 14 - (6 + (30 - 29))?
-19
What is the value of 3 + 12 + -8 + (12 - 7) - -3?
15
(0 - -22) + (-2377 - -2370)
15
What is the value of (-4 - -11) + 4 + (-2 - 2)?
7
Evaluate (1346 - 1306) + (-1 - (-1 + 17)).
23
Calculate 21 + (-3 - 25 - -35).
28
Evaluate (-7 - (6 - 9) - 4) + 4 + 1.
-3
What is the value of 5 - (8 + -14) - 4?
7
Calculate -23 + -1 - (342 + -357).
-9
What is -76 + 53 + 6 + 15?
-2
Calculate -8 + (-5 - (2 + -15)) - (3 + 6).
-9
What is the value of -11 + (1 - ((-1 - -10) + -19)) - -33?
33
Calculate 34 + (29 - (104 + -30)).
-11
Calculate 15 + (-3 - -5) + (-18 - -8 - -8).
15
What is -11 + (-1 + 12 - 13) + 23?
10
-5 + 11 + (3 - (5 - 0)) + 2
6
What is the value of 9 - (18 - 8 - -10)?
-11
What is 23 + -7 + (4 - 7) + 8 + -3?
18
-18 - -46 - (42 - 23)
9
Evaluate (4 - 3) + -6 - (-17 + 6 - 6).
12
What is -9 - (6 - -5 - (9 + -3)) - 7?
-21
What is the value of 5 + -3 - -3 - (2 - (-6 + 8))?
5
What is the value of (13 + 1 + -15 - -9) + -9?
-1
What is the value of 1 + -31 + 2 + -2 - (4774 - 4784)?
-20
0 + (6 - 2) + -14 + 30
20
What is the value of (19 - 0) + (14 - (6 - -6)) + -10?
11
-6 + (4 + -3 + -3 - 5)
-13
What is 5 - ((29 + -14 - 5) + -2)?
-3
What is 33 - 2 - (1431 + -1418)?
18
What is the value of 7 + -2 + (-1 - -5) - (12 - 10)?
7
71 + 14 + -24 - 32
29
-10 - (3 - (1 + (2 - 3) + 3))
-10
What is the value of (15 - 21 - 13) + 33?
14
What is (-9 + 18 - 7) + -4 + 5?
3
(15 - 14) + -26 - -25
0
What is the value of -2 + -19 + -7 - -14?
-14
Evaluate -22 - -22 - -17 - (-1 - (-2 + 11)).
27
What is -31 - (8 - (17 + 24))?
2
Evaluate (4 - -3) + 6 + -4 + (2 - 24).
-13
Evaluate (-248 - -235 - (-17 - -1)) + 1 + -8.
-4
958 - 954 - (2 - (7 + 1)) - 36
-26
-14 + 14 - 3 - (-42 - -4)
35
Evaluate 3 - ((-3 - -1) + 8 - (46 - 24)).
19
What is -709 - -740 - (-1 - -25)?
7
Calculate 45 + -12 - 1 - 23.
9
Calculate (-20 + 18 - (-3 + 1)) + -1 + 3.
2
What is -18 + 13 + -2 - 2?
-9
What is -10 - (19 + -11 - 13 - 18)?
13
What is the value of -35 + 33 - (27 - 61)?
32
What is -2 - -4 - (6 - -9)?
-13
(-10 - -18) + -11 - (-12 - -4)
5
What is -374 + 385 - (-1 + (-5 - (1 - -1)))?
19
What is the value of (-5 - -22) + 3 + -10 + 1?
11
What is 6 - -1 - ((-7 - -5) + -5 + 9)?
5
What is the value of 75 - 39 - (9 + 16)?
11
What is -17 + 10 + 4 + 9?
6
Evaluate -87 + 100 - (-5 - -13).
5
-16 + -20 - (-14 + -1 + 3)
-24
2 + 2 + -1 - (-317 + 311) - -6
15
-24 + (-26 - -34 - 1)
-17
Evaluate (7 - (-7 - -18)) + 0 + -7 + -1.
-12
Evaluate (-6 + 0 - (-10 - -3)) + (0 - 0).
1
What is -15 - (17 + -18 + -5)?
-9
Evaluate (25 - 1) + (16 - (10 + 7 + 6)).
17
(3 - 6) + (-50 + 59 - (5 - -2))
-1
What is -23 + (-14 - (-14 - -9 - 1)) + 4?
-27
Evaluate -22 - (-13 - 33 - -14).
10
Evaluate -16 + -2 + 11 - (0 - -1).
-8
What is 40 + -16 + -24 + 13?
13
What is 15 - (-22 + (11 - (1 - 5)))?
22
What is (-17 + 14 - 0) + 5 + -2?
0
Calculate (-1 - (-2 - 0) - (-40 + 35)) + -13.
-7
What is 7 + (4 + -19 + (-3 - -3) - 6)?
-14
What is (-11 + -19 - -26) + (0 + 2 - 13)?
-15
Evaluate (-4 - (-2 + 2)) + 10 + (-31 - -29).
4
Evaluate 17 + -38 + 35 + 4 + 5.
23
Calculate (59 - (1 - -23)) + -16.
19
-15 - (-15 + (8 - 7))
-1
Evaluate (2 - (20 - 3)) + 85 + -77.
-7
-12 - (-3 + 3 + -1 + 6 + -4)
-13
What is the value of (-4 - -12) + (8 - (7 - -5))?
4
Calculate -5 - (2 + -1) - (8 + -8 - -2).
-8
What is the value of 4 + -1 - (43 + -46) - -1?
7
Calculate 6 + -4 - (-1 - 9) - 7 - -3.
8
What is the value of -12 + (-5 - -7) + -4?
-14
Evaluate 6 + (-9 - 0 - 14).
-17
12 + -8 + 18 - (-8 - -8)
22
What is the value of 11 - 3 - (-9 - (-23 + 9))?
3
What is 0 + -9 + 3 + 12 + -31?
-25
Evaluate 0 + -7 + (-10 - -39) + -32.
-10
What is -4 - (-5 + (0 - 2) + (-6 - -9))?
0
What is the value of -11 - -7 - 2 - -26?
20
What is 0 + -11 + (43 - (53 - 8))?
-13
Calculate 11 + -32 - (9 + 2).
-32
Evaluate 11 + 2 + (5 - 11).
7
What is the value of 0 + -2 + -78 + 78?
-2
What is -2372 + 2404 - (41 + -1)?
-8
-11 + 0 + (-16 - (-20 + -8 + 11))
-10
Evaluate -13 - (-16 - -24 - 26).
5
Calculate -21 + (-3 - -22) + 4 + (-2 - -3).
3
What is 13 + -21 - 5 - -11?
-2
2 + 1 + -2 + (36 - (58 + -9))
-12
What is 15 + -3 + 33 + -60?
-15
Calculate (-4 - -3) + 10 - 3 - 3.
3
What is (0 - -2) + (37 - 35 - 20)?
-16
Evaluate -13 + -7 + 14 + 10.
4
-20 + (-13 + (-8 - -4) - -11)
-26
Evaluate -2 + 2 + 23 + -31.
-8
Evaluate 30 + (-11 - (19 - (30 + -19))).
11
What is 1 + (6 + 1 + -1 - (3 - 2))?
6
22 + (-7 - -5) + -11
9
Calculate 0 - -4 - (-8 - (2 + (-18 - -8))).
4
What is the value of 64 + -34 + -49 - (-24 + 1)?
4
What is (-22 + 12 - -10) + 8?
8
4 - (-16 + 11 - 6 - -13)
2
(16 - (0 - -13)) + -13
-10
What is -8 - (-1 + -2 + 3 + (2 - 0))?
-10
Wh